
False
Does 1864 divide 78168245?
False
Is 15441307 a multiple of 27?
False
Is 1893398532 a multiple of 82?
True
Does 113 divide 646636059?
True
Is 131 a factor of 1122014607?
True
Does 1172 divide 75704168?
True
Does 107 divide 75798479?
True
Is 4738 a factor of 2098611389?
False
Does 26 divide 152293650?
False
Is 261 a factor of 46273735?
False
Is 16 a factor of 74628672?
True
Is 270 a factor of 53532900?
True
Is 2000 a factor of 213430000?
True
Is 828 a factor of 518257620?
True
Is 963 a factor of 1742580935?
False
Is 4 a factor of 594938316?
True
Does 85 divide 387733330?
False
Does 10390 divide 2790795560?
True
Does 2716 divide 204764501?
False
Is 50173123 a multiple of 1001?
True
Is 151392271 a multiple of 37?
True
Is 46537467 a multiple of 455?
False
Is 10698245 a multiple of 3570?
False
Is 13 a factor of 21408634?
True
Is 2114931 a multiple of 22?
False
Does 34 divide 345713735?
False
Does 18 divide 80159593?
False
Does 4708 divide 127228992?
True
Is 679348400 a multiple of 172?
True
Is 8857 a factor of 3385693057?
False
Does 52 divide 86413472?
False
Does 7 divide 827947226?
False
Is 2034775 a multiple of 11?
False
Is 5378794 a multiple of 54?
False
Is 47 a factor of 26088196?
True
Does 5 divide 1679555?
True
Is 447 a factor of 10327714?
False
Is 13669201 a multiple of 91?
True
Does 1498 divide 78360380?
True
Does 175 divide 112679692?
False
Is 2047 a factor of 7575744347?
True
Does 1683 divide 361576246?
False
Does 262 divide 62202502?
False
Is 512509970 a multiple of 1483?
True
Does 98 divide 675016590?
False
Is 378056717 a multiple of 1069?
False
Is 10363278 a multiple of 382?
True
Is 2281040 a multiple of 40?
True
Is 34282416 a multiple of 14?
True
Does 2184 divide 1073985182?
False
Is 1029806745 a multiple of 165?
True
Is 2764436029 a multiple of 981?
False
Is 190 a factor of 7372641?
False
Is 3 a factor of 7128997?
False
Is 288768188 a multiple of 17?
True
Is 142930959 a multiple of 188?
False
Does 3666 divide 590073577?
False
Does 23 divide 80218066?
True
Is 434 a factor of 227245890?
False
Is 3747208975 a multiple of 5740?
False
Is 4 a factor of 1590467?
False
Is 118 a factor of 1957979977?
False
Is 400 a factor of 1527299?
False
Does 8 divide 41071018?
False
Is 2 a factor of 4314085?
False
Is 86332400 a multiple of 133?
False
Is 295 a factor of 2179247?
False
Does 213 divide 68102064?
True
Is 65 a factor of 137705684?
False
Does 302 divide 376450777?
False
Does 447 divide 1004164491?
True
Does 220 divide 2901155175?
False
Is 28284282 a multiple of 39?
True
Does 375 divide 102980250?
True
Is 1096 a factor of 69512856?
False
Is 443126080 a multiple of 1088?
True
Does 856 divide 441408384?
True
Is 861 a factor of 132536789?
False
Is 1402 a factor of 124473766?
True
Is 12 a factor of 36625664?
False
Does 17 divide 184069862?
False
Is 3 a factor of 12784817?
False
Is 310583990 a multiple of 235?
True
Is 44 a factor of 6400248?
False
Is 214694923 a multiple of 318?
False
Is 89544641 a multiple of 25?
False
Is 172 a factor of 46930166?
False
Is 396198554 a multiple of 420?
False
Does 300 divide 302277185?
False
Is 8450316 a multiple of 252?
True
Does 850 divide 1334165015?
False
Is 1746 a factor of 209795868?
True
Is 28315666 a multiple of 60?
False
Is 1428144928 a multiple of 32?
True
Is 22 a factor of 5218132106?
True
Is 2038895977 a multiple of 8?
False
Does 169 divide 86229546?
True
Is 130649621 a multiple of 4?
False
Does 6395 divide 116514322?
False
Does 37 divide 34260816?
True
Does 142 divide 58486619?
False
Is 181023305 a multiple of 935?
False
Is 228118 a multiple of 4?
False
Does 12 divide 342018888?
True
Is 399888596 a multiple of 880?
False
Is 69 a factor of 60842337?
True
Is 355176580 a multiple of 748?
True
Is 1482 a factor of 66725242?
False
Is 286647502 a multiple of 64?
False
Is 4098500 a multiple of 175?
True
Is 74215377 a multiple of 387?
True
Is 33277120 a multiple of 82?
False
Is 9996096 a multiple of 8?
True
Is 11 a factor of 297654635?
False
Does 492 divide 70988712?
True
Is 1798 a factor of 1374911380?
False
Is 55 a factor of 7888705?
True
Is 3057386916 a multiple of 8632?
False
Does 370 divide 1713962100?
True
Is 77442546 a multiple of 19?
False
Does 792 divide 1553347938?
False
Does 690 divide 10244430?
True
Is 220 a factor of 1257509750?
False
Does 23 divide 210065693?
True
Is 46 a factor of 80822?
True
Is 130938784 a multiple of 788?
False
Is 237595067 a multiple of 161?
False
Is 13070794 a multiple of 47?
True
Is 22 a factor of 19902377?
False
Does 33 divide 26769334?
False
Is 514 a factor of 460809809?
False
Does 1870 divide 168354894?
False
Is 6 a factor of 125714549?
False
Is 40 a factor of 21216899?
False
Is 743477350 a multiple of 290?
True
Is 39935506 a multiple of 307?
False
Is 106964817 a multiple of 69?
False
Is 17 a factor of 11549137?
True
Is 17 a factor of 7719598?
True
Does 232 divide 11245504?
True
Is 735741 a multiple of 9?
True
Is 248989479 a multiple of 67?
False
Does 1668 divide 1068386789?
False
Is 173638539 a multiple of 1269?
True
Is 221347634 a multiple of 208?
False
Does 10 divide 58312200?
True
Is 431086578 a multiple of 21?
False
Is 66 a factor of 2414980590?
True
Is 25 a factor of 86620625?
True
Is 13 a factor of 44919404?
False
Is 2008583057 a multiple of 2251?
True
Does 113 divide 3929051445?
False
Is 1631676 a multiple of 227?
True
Does 39 divide 113703252?
True
Does 9 divide 974520595?
False
Is 970867260 a multiple of 33?
True
Is 1957760665 a multiple of 15?
False
Is 9 a factor of 87594008?
False
Is 302 a factor of 1346460929?
False
Is 116 a factor of 2818386676?
False
Does 1640 divide 2723745113?
False
Is 1244 a factor of 59050117?
False
Is 111696723 a multiple of 431?
False
Is 41232829 a multiple of 1969?
True
Is 172 a factor of 1262189664?
True
Does 33 divide 1029637587?
True
Does 93 divide 436911813?
False
Is 3 a factor of 38551317?
True
Is 13 a factor of 17355072?
False
Is 11179618 a multiple of 199?
False
Does 822 divide 143518622?
False
Is 1734239440 a multiple of 1102?
True
Is 3671 a factor of 1365319137?
False
Does 1497 divide 941487252?
True
Is 924124120 a multiple of 3421?
False
Does 108 divide 111903768?
True
Is 384 a factor of 113985024?
True
Does 25 divide 40359534?
False
Is 305372774 a multiple of 882?
False
Is 36899599 a multiple of 603?
False
Is 64120884 a multiple of 12?
True
Is 31125680 a multiple of 2290?
True
Does 340 divide 74554180?
True
Does 61 divide 724344353?
False
Is 8297 a factor of 5781905325?
False
Does 2192 divide 90937312?
True
Is 97453449 a multiple of 81?
True
Is 33 a factor of 1071384?
False
Is 15 a factor of 13720485?
True
Does 30 divide 53620273?
False
Is 152 a factor of 12427125?
False
Does 99 divide 13273524?
True
Does 692 divide 1654150572?
True
Is 73726082 a multiple of 11?
False
Is 157257725 a multiple of 7?
False
Is 2133 a factor of 1137970431?
True
Is 80839978 a multiple of 1493?
True
Does 437 divide 253074507?
False
Is 92 a factor of 4455968597?
False
Is 922546550 a multiple of 47?
True
Does 349 divide 309466327?
True
Is 503 a factor of 728152141?
False
Is 7243 a factor of 966913718?
False
Is 330 a factor of 117136140?
True
Is 82 a factor of 65859582?
False
Is 1277 a factor of 181862263?
False
Is 3475 a factor of 30760700?
True
Is 614698 a multiple of 6?
False
Is 3154 a factor of 684405332?
False
Is 706 a factor of 79924142?
True
Is 8592408 even?
True
Is 23745478 a multiple of 273?
False
Is 7950640 a multiple of 920?
True
Does 339 divide 515578659?
True
Is 34 a factor of 276663254?
False
Does 26 divide 17721707?
False
Is 2353560 a multiple of 66?
True
Is 8985292 a multiple of 236?
False
Does 650 divide 8241951?
False
Does 20 divide 336261600?
True
Does 701 divide 4448546?
True
Does 40 divide 107730640?
True
Is 874 a factor of 3031917362?
True
Does 15 divide 101324310?
True
Does 376 divide 1082510844?
False
Does 2 divide 7511533?
False
Is 1679 a factor of 18381160?
False
Is 7181026 even?
True
Is 258840604 a multiple of 74?
True
Does 33 divide 163066959?
True
Is 104136560 a multiple of 374?
True
Is 22657254 a multiple of 1235?
False
Is 9909 a factor of 975855381?
False
Does 191 divide 210136481?
True
Is 67333591 a multiple of 13?
True
Is 401 a factor of 67335966?
False
Is 4492836 a multiple of 529?
False
Is 94844464 a multipl